+ 0) - (60 + -67)?
13
Calculate -251 + 250 + (-24 - 1) + 8.
-18
What is the value of -10 + -12 + 1 + 29?
8
Calculate 322 - 337 - (-2 - -4).
-17
What is (-80 - -91) + -2 + 6?
15
Evaluate 1 - 4 - (1 + -25 - (-10 - -9)).
20
What is the value of -8 - -21 - -2 - 19?
-4
6 - (11 - 2 - (-3 - -20))
14
What is the value of 29 + -4 - 11 - (1 - -10)?
3
Calculate -41 + (15 - 3) + (-23 - -26).
-26
Evaluate -27 - (-22 - -43 - 40).
-8
What is the value of -20 + -8 - -8 - -2?
-18
What is -2 + (-4 - (-6 + (9 - 5))) + 17?
13
What is the value of -1 + (21 - -11) + -20 - -16?
27
Calculate (-4 - (0 - -3 - 11)) + 9 + -26.
-13
Calculate (55 - (-54 - -113)) + (21 - (2 - 2)).
17
Calculate 1 + -11 - (-7 + -6 - -5).
-2
What is -16 + -1 - (-2 + 3 + -4)?
-14
Calculate (-132 - -147) + 0 + -1 + -4.
10
19 + -18 + (3 - -4)
8
What is -1 + -25 + -235 + 255?
-6
24 - ((45 - 39) + 41)
-23
Evaluate -12 + 2 + (41 - 32).
-1
Evaluate (-204 - -214) + -11 + 1.
0
Evaluate -4 + 1 + -7 + 6 - -9 - 1.
4
What is the value of -1 - (1 + 13) - (-2978 - -2939)?
24
Calculate 5 - (9 - (5 - (-5 - -5))).
1
-31 - (-9 - -17 - 20)
-19
Evaluate -1 - 6 - (-4 + 8 + (16 - 21)).
-6
What is the value of (-10 - -5 - -11) + -1 + -1 + 13?
17
What is 9 + -15 + -14 + 38?
18
Calculate -9 + -1 - ((172 - 166) + -2 + 1).
-15
What is (18 - (10 + -5)) + (-28 - -4)?
-11
Calculate 8 + -9 + (14 + 14 - (-3 - -11)).
19
-3 + (1 + -1 - (-2 - -3))
-4
Evaluate -10 + 1 + -23 + 52 + -22.
-2
What is the value of -7 + 29 + 0 + -6?
16
What is 3 - ((-13 - -7) + 1)?
8
What is the value of -11 - -3 - -15 - (10 - -3)?
-6
Calculate (-4 - (-7 - (3 + -11))) + -1 + 13.
7
Evaluate (-5 - 0) + (-5 - -14 - 7 - 8).
-11
What is the value of -2 - (4 + -24 - -23)?
-5
6 + -2 - (3 + 2 + 4 - -5)
-10
Calculate 3 + 3 + (2 - 6) - -3 - -5.
10
What is the value of (-23 - 1 - -25) + (-5 - 1)?
-5
What is (-69 - -59) + 4 + 10?
4
Evaluate (-8 - 8) + (-10 - -21).
-5
Evaluate 69 - 72 - (-10 + (-5 - -2)).
10
What is the value of (-9 - 32) + 16 + 10 + 4?
-11
What is -1 + -18 + (-74 - (-51 - 19))?
-23
What is -20 + (-2 + 13 + -2 - (-5 - -17))?
-23
What is -2 - (-3 - -7) - (-1 - -4)?
-9
Calculate -19 + -5 + (11 - -2).
-11
What is -94 - -109 - (-3 + -2)?
20
Calculate 2 - -1 - (2 - 0 - (-13 + -6)).
-18
What is the value of (-2 - 0) + -31 + (43 - -6)?
16
What is the value of -1 + 13 + -22 + 8?
-2
5 + -27 + 1 + 9
-12
Evaluate 16 - (1 - -4) - ((15 - 16) + 9).
3
(12 - 0 - 15 - -20) + -39
-22
What is -336 + 333 - (-3 + 1 - 0)?
-1
What is the value of (12 - (-31 + 51)) + (1 - 1)?
-8
-97 + 101 + -9 + -1
-6
Calculate (25 - 9) + -3 + 0 - 8.
5
What is 1 + 16 + -17 + -3 + 0?
-3
623 - 597 - (-1 - -43)
-16
1 + -1 + (8 - 15 - -4)
-3
What is (2 - -11 - (0 + 5)) + 2 + 2?
12
What is -7 - ((0 + 3 + -4 - 2) + 7)?
-11
What is 24 + -51 + 37 - (1 - -23)?
-14
What is -6 + 33 + -14 + -4?
9
What is the value of (-30 - -31) + 0 + 3 + -8 + 13?
9
What is the value of 1 - (-8 - -2) - ((10 - 16) + 2)?
11
Calculate -4 - ((16 - 7) + -9).
-4
What is the value of -11 + -5 + 12 - (-1 - 16)?
13
Calculate -4 + 9 + -7 + 11 + (2 - 2).
9
What is -5 + -1 - (-12 + (18 - 2))?
-10
(0 - 6) + 15 + -17
-8
Evaluate 2 - (-10 + 19 + -1 + 16 + -2).
-20
What is the value of 7 + 2 + (3 - 7) + (-1 - 3)?
1
What is the value of -8 + (-8 - -29) + 2?
15
14 - -1 - (13 - (-5 - -11))
8
What is the value of -13 - (-6 + 6 + 1)?
-14
Evaluate ((-18 - -7) + 8 - -13) + -26.
-16
Calculate -20 + -2 + 29 + -20.
-13
What is the value of 31 - (34 - 1 - 30)?
28
Calculate 45 + (-15 - (-17 - -17)) + -2.
28
What is 0 + 25 + -2 + -28 - (-1 - 21)?
17
What is the value of (103 - 115) + (6 - 1)?
-7
What is 1 - (3 + (-17 - 7))?
22
17 + (-10 - (16 + -6))
-3
Evaluate 546 + -571 + -1 + 33.
7
3 - (14 + (2 - 2)) - (8 - 14)
-5
1 - (12 + 4) - (-8 - 1)
-6
Calculate (-2 - -6 - -3) + (9 - 6) + -17.
-7
What is the value of (-2 - (3 - -1)) + (258 - 230)?
22
What is (-7 + -18 - 8) + 11?
-22
What is (43 - (34 + -8)) + 1 + 3?
21
What is -339 + 327 - (-42 - -2)?
28
What is (-7 - 8) + -8 - -9?
-14
Evaluate (5 - 68) + 94 - (4 - (-1 + 0)).
26
What is -5 - ((-4 - 13) + 9)?
3
Calculate -2 + 19 + -13 - (1 + -17).
20
What is the value of -11 + 8 + 7 - (-33 - -29)?
8
Calculate -10 + (-1 - 5 - -13).
-3
-5 + 0 + (-3 - 5) + 47
34
What is (-4 - -19) + -3 - -4?
16
Calculate (-7 + (-4 - 15) - -23) + (1 - -22).
20
What is -12 - (1 - -14 - (33 - 31))?
-25
What is the value of 78 - 71 - (10 + 0)?
-3
2 + -11 + -15 + 6 + 5 + -3
-16
What is -6 + 21 + (2 - 7)?
10
Evaluate -4 - (6 + -2 + -18 + 10).
0
Evaluate 3 + 12 + 3 + (-10 - -15) + -4.
19
Calculate 67 - 63 - (-6 - -26).
-16
-284 + 263 + 1 + 9
-11
Calculate 14 - 30 - 4 - (-1 - 4).
-15
What is (-14 - -19) + 1 - (-7 + 5)?
8
Calculate (-16 + 18 - -15) + -6.
11
What is 8 + -4 + (-16 - -12 - (1 - 1))?
0
What is the value of (18 - 2) + 1 - 2?
15
Evaluate 12 + (25 - 27) + -34.
-24
What is the value of -1 - (-13 + 20 + -1)?
-7
7 + (5 - 36 - -14)
-10
Calculate -3 + 7 + (4 + 2 - (8 + -2)).
4
What is the value of (-1 - 5) + 12 - -7?
13
Evaluate -38 - -32 - (-4 + (-6 - (1 - 5))).
0
5 - ((-2 - 6) + (18 - 2))
-3
Calculate 10 + -2 + -9 + (-6 - -3 - -5).
1
1 + (-12 - 11) - 1 - -3
-20
Calculate -239 + 239 + 12 + (0 - -3) + -2.
13
2 + -4 + 10 - (-7 - -33)
-18
What is -6 - 1 - 2 - (6 + (7 - 11))?
-11
Evaluate (22 - (-3 - -24)) + -6.
-5
Calculate 0 - 2 - (-78 + 66).
10
What is the value of 22 + (-73 - (11 - 27))?
-35
Evaluate (-12 - 0) + (28 - 22) + 5.
-1
What is 90 + -67 + (-3 + -3 - 3)?
14
What is the value of -1 + 1 + 6 + (-8 + 3 - 1)?
0
What is -26 - ((-9 - -5) + -29)?
7
Calculate -19 + (14 - (0 - 8 - -14 - -5)).
-16
What is the value of 14 + (0 + 2 - (-9 - (-18 + 6)))?
13
Calculate -13 + (-13 - (1 - 13 - -3)).
-17
What is -15 - -20 - 3 - -3?
5
What is 4 + (3 + 0 + -11 + 0 - 6)?
-10
Calculate -25 + 14 - (3 + -6 + 5).
-13
What is (-3 - (-13 - -2)) + (-25 - (-29 + 20))?
-8
What is 0 - -9 - (-29 + 20 - (-2 + -17))?
-1
-3 - (5 + 26 - (-5 + 1 + -3))
-41
What is -13 + 6 + 21 + (2 + 0 - 5)?
11
-20 - (-3 - 11 - (59 + -44))
9
6 - (5 + 44 + -64)
21
What is 21 + (-2 - (17 + -9)) - 2?
9
What is -5 - ((-1 - -22) + -14)?
-12
Calculate -1 + 0 + 7 + 512 + -487 - 6.
25
What is the value of (12 - 0) + -38 + 2 + -26 + 11?
-39
What is the value of 0 + 40 + (87 - 126) + 31?
32
What is the value of 6 + 2 - (-9 - (0 + -25) - -3)?
-11
What is the value of (19 - 22) + -16 - -15?
-4
Calculate -1 + (0 - 0) - (-28 - -38).
-11
Calculate (80 - 100) + 0 + 9 + -4.
-15
-14 + (24 - (-12 + 19))
3
Evaluate 10 - (10 - ((-16 - -2) + 11)).
-3
What is the value of -1 - (-20 + 12 + 27 - 7)?
-13
Evaluate 0 - 7 - (22 - (-26 - -61)).
6
What is the value of (-29 + 24 - 11) + 12?
-4
-146 + 137 + -3 + 2
-10
Evaluate (-1 - 2) + (26 + -53 - -31).
1
What is the value of -22 + -1 + 9 + 8?
-6
What is the value of -4 + 2 + 3 - 0 - (0 + -3)?
4
What is the value of -11 + (9 - (17 - 4)) + 34?
19
Evaluate (-31 - -22) + (-2 - -42).
31
What is the value of -6 + (-10 - -12) - -2 - 3?
-5
Evaluate -2 + 1 + 3 + (-20 - -3).
-15
What is -1 - (-12 - -11) - -10?
10
What is -11 + -2 - (51 - 59)?
-5
What is the value of -19 + -2 - 9 - -27?
-3
What is (-15 - (-4 - -5)) + -9 - -6?
-19
What is -4 - ((11 - 45) + 12)?
18
4 + (-6 - 11) - (2 + -10)
-5
(4 - (-3 - -11)) + 5
1
What is (9 - (-9 + 23) - 5) + -4?
-14
Calculate (3 + 5 - 10) + 10 + 11.
19
Calculate 6 + (-78 + 78 - (19 - 1)).
-12
Calculate 11 + 11 - (-4 - -4).
22
What is the value of 3 - (2 - -1) - (-21 + 30)?
-9
What is the value of (-18 - -41 - 23 - -9) + 17 + -1?
25
Calculate (72 - 63) + (4 - (-2 - (-44 - -3))).
-26
What is 2 + (6 - 7 - -7) + 0?
8
Calculate 1 + 6 + 4 + -4 + -4.
3
-4 + 6 + -5 + -1 + (3 - 8)
-9
What is the value of ((3 - 1) + 7 - 2) + 8?
15
Calculate (7 - (-5 - -7) - 0) + -5 + 6.
6
What is -7 + -16 - (-36 + 1 + 17)?
-5
Evaluate -16 + (7 - (5 - 4)) - -9.
-1
Calculate 2 + 16 - (-7 + 7).
18
Calculate 46 - (21 + (6 - 4)).
23
What is the value of 2 + -4 + 11 - (28 + -29)?
10
What is the value of -29 - (3 + 5 + -6 - 7)?
-24
What is the value of -1 + (-2 - (0 - -31)) + (2943 - 2932)?
-23
What is -40 - -28 - (-2 - (4 + -2))?
-8
Calculate 15 - -1 - (-53 + 38 + 17).
14
What is -26 - -23 - (-2 + 0)?
-1
Evaluate (-10 - (3 - 11)) + (-1 - 1) - -7.
3
What is 1 - -3 - (-1 + 1 + 5 + 0)?
-1
-81 + 76 + (0 + (15 - 3) - 0)
7
What is the value of (-1 - (-8 + (0 - -